6
Let w(f) = -3*f - 96 - 6*f + 3*f + 2*f - 2*f. What is w(-16)?
0
Let x = 2 + 1. Let w = -353 - -355. Let d(t) = -6 - t**x - t**2 + 2 + w*t - 3*t - 2. Give d(0).
-6
Let s(n) be the third derivative of -n**5/60 - 11*n**4/12 + 11*n**3/6 - 35*n**2 - 6. Give s(-23).
-12
Let g be (-1 - 1)/((-4)/10)*(-12)/6. Let s(a) = 6*a**3 - 3*a**2 + 2 - 6*a**2 - 7*a**3 + 0*a**2 + 10*a. What is s(g)?
2
Let c be (-42)/(-9)*(-3)/(-2) + -4. Let v(s) = -28*s**c + 4*s**2 + 53*s**3 - 24*s**3. Give v(-4).
0
Let f be -2*((-12)/8 - 1). Let c(h) be the second derivative of h**3/6 - 4*h**2 + 90*h - 18. Calculate c(f).
-3
Let v = -58 + 51. Let t = v + 35. Suppose -8*m = -36 - t. Let n(z) = z**3 - 8*z**2 + 2. Calculate n(m).
2
Let w(m) = 7 - m**2 - 5*m + m - 1. Suppose -1360 = -138*f + 416*f - 248. Determine w(f).
6
Let d(x) = -4*x - 20. Let n be (-13)/((-78)/(-24)) + (-1 - -2). Calculate d(n).
-8
Let a = 3 - 1. Let w(f) = f - 3*f**2 + 8 + 0*f**2 - f**3 + a*f**2. Let c(s) = -28*s - 336. Let x be c(-12). Give w(x).
8
Let l(z) = -6134*z + 6149*z - 31 - 5858*z**2 + 5861*z**2. Calculate l(3).
41
Suppose 4*h + 2*j - 2 = -4, 0 = -5*h + j + 15. Let a be h/(-4)*-2*2. Let x(m) = 2 - 687*m + 1383*m - 697*m. Give x(a).
0
Let n(f) = 10*f + 15. Let g be n(-2). Let l = 2 - 0. Let u(i) = i + 6 - 5*i**l - i**3 - i - i. What is u(g)?
11
Let q(c) = c**2 + 11*c - 38. Let j be (21/252 - 2/(72/21))*-8. Calculate q(j).
22
Suppose -z + 5*z = -2*y - 4, -10 = 5*y + 5*z. Let t(f) = f - 7*f + 3 + 7*f - 6*f + 13*f - 5*f - f**2. Give t(y).
-7
Suppose 119 = 17*o + 17. Suppose 5*c + 25 = -t + 2*t, 3*c - 39 = -3*t. Suppose o = 9*g + t. Let u(h) = 10*h**3 + h**2 + h + 1. Give u(g).
-9
Let a = 39 - 29. Let u be 2/a + (-8)/(-10) - -9. Let n be 18/(-12)*u/(-3). Let p(c) = c**3 - 5*c**2 + c - 6. What is p(n)?
-1
Let f(y) = -11*y - 1. Let v(q) = -2*q + 15. Let o(j) = f(j) - v(j). What is o(-2)?
2
Let n be (288/54)/(1/(-9)*-6). Let r(a) = -a**3 + 10*a**2 - 16*a - 4. Determine r(n).
-4
Suppose -2*c + 176 = -6*c. Let y = c - -99. Let u(w) = y*w - 27*w + 1 - 29*w + w**3. What is u(2)?
7
Let q(u) = -u**3 + 7*u**2 - 6*u - 7. Let y be (-4)/14*(-1*8 - -1). Let t be (y*2/(-4))/((-1)/2). Suppose -t*p + 22 = 5*d - 4, -5*p = -d + 16. Calculate q(d).
-7
Let n(b) = 13*b**2 - 53*b + 55. Let v(j) = -4*j**2 + 18*j - 18. Let w(k) = -2*n(k) - 7*v(k). Give w(8).
-16
Let h = -205 + 227. Let d(i) = -180 + 358 + h*i**3 + 2*i - 177. Calculate d(-1).
-23
Let s(n) = n**2 + 4*n - 2. Let h be s(-5). Let d(c) = 158 + 6*c - 78 - 76. Let t(a) = -9*a - 5. Let j(p) = -4*d(p) - 3*t(p). Determine j(h).
8
Suppose -22*h + 14*h = -32. Let p(k) = -4 + h*k - 3*k + 25 - 7 - 16. What is p(4)?
2
Let t(k) = 14*k - 2. Let f be t(1). Suppose 0 = 6*x + 6 - f. Let n(z) = 5*z**3 - z**2. Calculate n(x).
4
Let v(u) = 2*u**2 + 21*u - 12. Let n(s) = 4*s**2 + 24*s - 14. Let y(f) = -6*n(f) + 7*v(f). Determine y(1).
-7
Suppose -9*k + 4 = -14. Let l be k/(-4) - (-2 + 26/4). Let s(g) = 3*g + 6. What is s(l)?
-9
Let f be ((-7)/(21/60))/(2/(-1)). Let q(z) be the third derivative of -z**4/24 + 23*z**3/6 - 4*z**2 - 78. Calculate q(f).
13
Let v = -5609 + 5614. Let w(r) = -r**3 + 4*r**2 + 2*r + 18. Calculate w(v).
3
Suppose 2*t - 55 + 31 = 0. Suppose 3 - 9 = -r + 2*a, -t = -r + 5*a. Let k(l) = -10*l. Give k(r).
-20
Let v = 9011 + -9007. Let r(u) = -2*u - 13. Determine r(v).
-21
Let u be (-27)/(-12)*(-6 - 70/15). Let f be -3 - (u/8 + -3). Let j(z) = z**3 - 3*z**2 - 5*z + 4. Determine j(f).
-11
Let n(g) = -g**2 - 4*g - 13. Let a(j) be the second derivative of j**4/4 + j**3 + 25*j**2/2 - 165*j. Let s(t) = 2*a(t) + 5*n(t). What is s(9)?
-6
Let n(l) = -3*l**2 - 10*l + 11. Suppose 4*w + 3*r = -31, -11*w - 4*r = -8*w + 32. Give n(w).
3
Let d(a) = 7 + 3*a - 4*a + 4 - 10. Let p(h) = 2*h - 1. Let i(v) = 7*d(v) + 3*p(v). Determine i(6).
-2
Let v(g) = -71*g + 12. Let u(b) = -73*b + 9. Let w(d) = 4*u(d) - 3*v(d). Calculate w(1).
-79
Let n(t) = -t**2 + 8*t - 4. Let a(r) = -8*r**2 + 22*r + 9. Let l be a(3). What is n(l)?
11
Let z(a) = -5*a + 6. Let n = 2149 - 2148. Give z(n).
1
Let r(m) be the first derivative of -m**2 - 2*m - 601. Give r(-12).
22
Let q(i) be the first derivative of -i**4/24 - i**3/3 + 4*i**2 + 46. Let w(g) be the second derivative of q(g). Give w(-3).
1
Let p(o) = 756 - o**2 - 18*o - 470 - 368. Determine p(-11).
-5
Let u(j) = j**2 - 5. Suppose 33*t = -62*t + 34*t - 122. Determine u(t).
-1
Let t be (-4)/24*-6 + 54. Let w = t - 64. Let z(o) = -o**3 - 10*o**2 - 11*o - 12. Calculate z(w).
6
Let w(y) = -17*y**3 + 36*y**2 + 17*y - 9. Let p(d) = -5*d**3 + 12*d**2 + 5*d - 3. Let j(k) = -7*p(k) + 2*w(k). Calculate j(12).
-9
Suppose 2*o - 32 = 2*y, -5*o + 0 = 2*y + 4. Let f = 16 + y. Suppose 2*i = s - 9, -s + 2*s + f*i - 3 = 0. Let p(u) = u**3 - 7*u**2 - 2*u - 2. Calculate p(s).
-16
Let o(c) = -c + 7. Let t(n) = 1. Let i(d) = -o(d) + 5*t(d). Let f = -386 + 178. Let l = -205 - f. Give i(l).
1
Let o(i) = 7*i**3 - i**2 + 2. Let g be (27 - 10) + (-15 - 1). Determine o(g).
8
Let a(n) be the first derivative of -n**2/2 + 24*n + 1580. What is a(21)?
3
Let k(l) = -17*l**3 - 26*l**2 + 4*l + 380. Let j(z) = -z**3 + 17. Let o(m) = 16*j(m) - k(m). Give o(-26).
-4
Let w = 1914 - 1904. Let o(z) = 6*z - 56. Calculate o(w).
4
Suppose -4*u = 2*u + 708. Let h = u - 116. Let p be 3/(54/(-14)) - (-52)/h. Let d(b) = -16*b**2 - 1. Calculate d(p).
-17
Let v(t) = -7*t**3 + 8*t**2 - 2*t - 6. Let u(y) = 21*y**3 - 22*y**2 + 6*y + 17. Let q(x) = 6*u(x) + 17*v(x). Determine q(-1).
-5
Let h(s) be the first derivative of -1/4*s**4 - 2*s - 4*s**2 + 20 + 8/3*s**3. Give h(6).
22
Let g(u) = -u**2 + 11*u + 17. Let a be ((-80)/10*1/1)/(-2). Let q be (a/6)/(6 + 3592/(-600)). Suppose 4*b + i = q, 3*b + i - 54 = -16. Give g(b).
5
Let r(c) = -5*c**2 + 20*c. Suppose -224*t + 364*t + 333 = 251*t. What is r(t)?
15
Suppose -2197 = 106*w + 958 - 293. Let x(u) = -2*u - 61. Give x(w).
-7
Suppose -15*t - 36 - 24 = 0. Let d(k) = -9*k**3 + k**2 - 3*k - 7. Let b(z) = 4*z**3 + z + 3. Suppose 0 = 5*o + 28 + 7. Let f(a) = o*b(a) - 3*d(a). What is f(t)?
8
Let d be (-12)/(-30)*(105/6 + 0). Let j(u) = -7*u + 22. Let v(c) = -8*c + 27. Let l(f) = d*j(f) - 6*v(f). Suppose -7 = n - i, 2*n + 2 + 12 = -4*i. What is l(n)?
-1
Let x(c) = 3*c - 3 - 2 + 3. Let l be (6/(-17) + 0)*38743/4558. Give x(l).
-11
Let c(o) = -o**2 - 3*o. Suppose 253 - 89 = 82*l. Determine c(l).
-10
Let y(g) = 17*g**3 - g**2 + g + 3. Let i = 7417 - 7418. What is y(i)?
-16
Let u(n) = -n**3 + 7*n**2 - 3*n + 27. Let g(t) = -t**2 + t - 3. Let j(s) = -3*g(s) - u(s). Give j(6).
54
Suppose 2*u + v = u + 15, -3*u + 43 = v. Let h(b) = b**2 - 11*b - 41. Calculate h(u).
1
Let v(o) = o**2 - 19. Suppose 51*s - 32 = 47*s. Let q(f) = 2*f**2 - 14*f - 16. Let h be q(s). Calculate v(h).
-19
Let o(l) be the first derivative of l**3/3 + 3*l**2 + 46331. Suppose 2*r + 2*r = -16. Determine o(r).
-8
Let l(b) be the first derivative of -b**4/4 - 2*b**3 + b**2 + b + 67. Suppose 2*p - 17 = -7. Suppose -n = -1, 2*g = -g + p*n - 23. Give l(g).
-11
Let z(g) = 31*g - 1475. Let r be z(48). Let i(q) = 2*q - 34. Give i(r).
-8
Let n(k) = -390*k**2 - 41*k + 1180*k**2 - 400*k**2 - 39 - 392*k**2. What is n(-19)?
18
Suppose n + 2 = -0*n + 5*l, 5*n = -l + 42. Suppose -h + a + 18 = 5*a, -h + a = -n. Let t(v) = -v**2 + 0*v**2 + 4 - 9 - 4 - h*v. Determine t(-9).
0
Let w(t) = 2*t**3 + 61*t**2 - 27*t + 28. Let b(m) = 2*m**3 + 62*m**2 - 27*m + 27. Let o(r) = -6*b(r) + 7*w(r). Calculate o(-28).
6
Suppose 0 = 6*c - 7*c. Let n(p) = -3*p**3 + 0*p**3 + 31*p**2 + 2*p**3 - 32*p**2 - p. What is n(c)?
0
Let g(s) = -5*s + 1. Suppose -3*t + 26 = -n + 2*t, 0 = -4*n - 4*t - 8. Let b(v) = v**3 + v**2 - 12*v - 12. Let z be b(n). Let a = -123 - z. Give g(a).
16
Let v(i) = 54*i**3 + 17*i**2 + i - 75. Let g(m) = -19*m**3 - 6*m**2 - m + 25. Let c(y) = 17*g(y) + 6*v(y). Calculate c(-3).
-19
Let c(m) = -m**2 - 19. Let k(u) = 4*u**3 - 2*u**2 + 4*u - 1. Let f be k(1). Suppose -5*r + 2*i = -8*r - 6, 3*i + 9 = f*r. Determine c(r).
-19
Suppose 6*x = 3*g + x, 2*x = 2*g. Let n(d) be the first derivative of d**2/2 - 7*d + 4. What is n(g)?
-7
Suppose 4*p = 91 + 105. Let k = -43 + p. Let a(i) = 4*i + 3. Let r(t) = 3*t + 2. Let b(g) = 2*a(g) - 3*r(g). Give b(k).
-6
Suppose -23 = 3*k - 17. Let n be (-170)/(-30) + (k - (-21)/9). Let d(l) = 3*l - 3*l 